 the greatest common divisor of 2100 and 4800.
300
Calculate the greatest common divisor of 1926 and 18.
18
Calculate the greatest common factor of 19 and 893.
19
What is the greatest common divisor of 70 and 3325?
35
What is the greatest common factor of 440 and 1400?
40
Calculate the greatest common factor of 71 and 71.
71
What is the greatest common factor of 120 and 105?
15
What is the greatest common factor of 1504 and 32?
32
Calculate the highest common divisor of 144 and 192.
48
What is the highest common factor of 29 and 87?
29
Calculate the greatest common factor of 84 and 28112.
28
Calculate the highest common divisor of 32 and 544.
32
Calculate the highest common divisor of 5400 and 6.
6
What is the greatest common factor of 444 and 5143?
37
Calculate the highest common divisor of 35 and 5.
5
What is the highest common divisor of 4 and 104?
4
Calculate the greatest common factor of 9 and 115353.
9
What is the greatest common divisor of 34 and 102?
34
What is the greatest common factor of 2076 and 12?
12
Calculate the highest common factor of 328 and 12423.
41
What is the greatest common factor of 13 and 1755?
13
What is the greatest common divisor of 3210 and 30?
30
What is the highest common factor of 1653 and 87?
87
Calculate the greatest common divisor of 963 and 107.
107
What is the greatest common factor of 7824 and 144?
48
Calculate the highest common divisor of 124 and 88.
4
What is the greatest common divisor of 2376 and 6072?
264
Calculate the highest common factor of 51 and 3.
3
Calculate the greatest common factor of 46 and 4.
2
Calculate the greatest common divisor of 63 and 147.
21
What is the highest common factor of 41968 and 43?
43
What is the greatest common divisor of 1 and 696?
1
What is the highest common divisor of 171 and 57?
57
What is the greatest common divisor of 429 and 396?
33
Calculate the greatest common divisor of 14 and 2954.
14
What is the highest common factor of 2432 and 76?
76
What is the greatest common divisor of 259 and 238?
7
Calculate the greatest common divisor of 55 and 8503.
11
Calculate the highest common factor of 177 and 75.
3
Calculate the greatest common factor of 115 and 391.
23
Calculate the greatest common factor of 440 and 66.
22
Calculate the highest common factor of 40817 and 98.
49
What is the highest common factor of 237 and 9085?
79
Calculate the highest common divisor of 825 and 44.
11
Calculate the highest common factor of 54 and 18.
18
Calculate the greatest common divisor of 2263 and 31.
31
What is the greatest common divisor of 5 and 15?
5
What is the greatest common factor of 60696 and 9?
9
Calculate the greatest common factor of 18 and 81.
9
Calculate the highest common factor of 3080 and 10.
10
What is the highest common factor of 25 and 400?
25
What is the highest common divisor of 515 and 10?
5
Calculate the greatest common factor of 143 and 11.
11
Calculate the greatest common divisor of 285 and 19.
19
Calculate the highest common divisor of 21 and 35.
7
What is the highest common divisor of 234 and 1053?
117
Calculate the greatest common factor of 429 and 1749.
33
Calculate the greatest common divisor of 13 and 2561.
13
What is the highest common factor of 435 and 348?
87
What is the highest common factor of 63 and 1743?
21
What is the greatest common divisor of 1896 and 12?
12
What is the greatest common divisor of 9120 and 152?
152
Calculate the greatest common factor of 9 and 180.
9
Calculate the highest common divisor of 2623 and 473.
43
Calculate the highest common divisor of 722 and 38.
38
What is the highest common divisor of 38 and 266?
38
What is the greatest common divisor of 30 and 135?
15
Calculate the greatest common factor of 1166 and 4346.
106
Calculate the highest common divisor of 38410 and 460.
230
What is the greatest common divisor of 51 and 7089?
51
What is the highest common divisor of 210 and 450?
30
Calculate the highest common divisor of 4 and 2554.
2
Calculate the highest common factor of 57936 and 48.
48
Calculate the greatest common divisor of 459 and 54.
27
What is the highest common factor of 474 and 45978?
474
Calculate the greatest common factor of 117 and 312.
39
Calculate the greatest common factor of 1197 and 627.
57
What is the highest common factor of 20 and 31820?
20
What is the greatest common divisor of 1920 and 600?
120
Calculate the highest common divisor of 49 and 21.
7
Calculate the greatest common factor of 18 and 192.
6
What is the greatest common divisor of 2714 and 46?
46
What is the highest common divisor of 66 and 36?
6
Calculate the highest common factor of 8232 and 72.
24
What is the greatest common divisor of 174 and 726?
6
Calculate the highest common divisor of 609 and 273.
21
Calculate the highest common factor of 280 and 98.
14
Calculate the greatest common factor of 4 and 40.
4
Calculate the highest common divisor of 252 and 36.
36
Calculate the greatest common factor of 177 and 59.
59
Calculate the greatest common factor of 14 and 9618.
14
Calculate the highest common factor of 107 and 4.
1
Calculate the highest common divisor of 10 and 37280.
10
What is the greatest common divisor of 46 and 23?
23
Calculate the greatest common factor of 18 and 198.
18
What is the highest common factor of 5891 and 137?
137
What is the highest common factor of 308 and 140?
28
What is the highest common factor of 1325 and 53?
53
Calculate the greatest common factor of 436 and 1.
1
What is the highest common factor of 416 and 8032?
32
What is the greatest common divisor of 20 and 12?
4
Calculate the greatest common factor of 24 and 248.
8
What is the highest common factor of 17640 and 75?
15
Calculate the highest common factor of 22 and 11.
11
What is the greatest common divisor of 38 and 1159?
19
Calculate the greatest common factor of 184 and 46.
46
Calculate the greatest common factor of 205 and 22140.
205
Calculate the greatest common divisor of 447 and 3725.
149
What is the highest common factor of 435 and 915?
15
Calculate the greatest common divisor of 15 and 255.
15
What is the highest common divisor of 1177 and 11?
11
Calculate the greatest common divisor of 795 and 645.
15
What is the greatest common factor of 560 and 20?
20
Calculate the greatest common divisor of 78 and 150.
6
Calculate the greatest common factor of 21 and 994.
7
Calculate the highest common factor of 11 and 1639.
11
Calculate the highest common divisor of 272 and 34.
34
What is the highest common divisor of 54 and 9540?
18
What is the greatest common divisor of 2006 and 118?
118
What is the highest common divisor of 3468 and 918?
102
What is the greatest common divisor of 4 and 1592?
4
What is the greatest common divisor of 3006 and 144?
18
Calculate the highest common divisor of 6109 and 41.
41
Calculate the highest common factor of 3340 and 20.
20
Calculate the greatest common divisor of 175 and 105.
35
Calculate the highest common factor of 620 and 60.
20
What is the greatest common factor of 24440 and 312?
104
What is the highest common divisor of 2478 and 84?
42
What is the highest common divisor of 3520 and 1870?
110
Calculate the greatest common divisor of 20644 and 104.
52
What is the highest common divisor of 288 and 64?
32
Calculate the greatest common divisor of 187 and 44.
11
Calculate the highest common factor of 4087 and 61.
61
What is the highest common divisor of 34440 and 70?
70
Calculate the greatest common divisor of 4 and 556.
4
Calculate the highest common divisor of 88 and 660.
44
Calculate the highest common factor of 354 and 118.
118
What is the highest common divisor of 7976 and 24?
8
What is the highest common factor of 2 and 1710?
2
What is the greatest common factor of 832 and 1612?
52
Calculate the highest common divisor of 4 and 278.
2
What is the greatest common divisor of 10011 and 1704?
213
What is the greatest common factor of 115 and 95?
5
What is the greatest common divisor of 147 and 3717?
21
Calculate the highest common factor of 93 and 12.
3
Calculate the highest common factor of 13 and 8047.
13
Calculate the highest common divisor of 726 and 132.
66
Calculate the highest common factor of 360 and 936.
72
Calculate the highest common divisor of 735 and 20335.
245
Calculate the greatest common divisor of 